te the highest common divisor of 663 and 130.
13
What is the highest common factor of 99 and 22?
11
Calculate the greatest common divisor of 7 and 1526.
7
Calculate the highest common factor of 52 and 16.
4
What is the greatest common factor of 112 and 1078?
14
Calculate the highest common divisor of 141 and 188.
47
What is the greatest common factor of 92128 and 32?
32
Calculate the greatest common factor of 594 and 2244.
66
What is the highest common divisor of 55 and 60?
5
What is the highest common factor of 6 and 27?
3
Calculate the highest common divisor of 4140 and 15.
15
Calculate the highest common factor of 637 and 273.
91
Calculate the highest common factor of 128 and 576.
64
What is the highest common divisor of 5 and 1385?
5
What is the highest common factor of 153 and 204?
51
What is the highest common factor of 6 and 1116?
6
Calculate the highest common divisor of 156 and 24.
12
What is the highest common divisor of 80 and 640?
80
Calculate the highest common divisor of 49 and 7.
7
What is the highest common divisor of 513 and 228?
57
What is the highest common divisor of 7 and 9954?
7
Calculate the greatest common factor of 48 and 1648.
16
Calculate the greatest common factor of 18 and 2286.
18
What is the highest common factor of 189 and 144?
9
Calculate the highest common divisor of 206 and 1339.
103
Calculate the highest common divisor of 60 and 16620.
60
Calculate the greatest common divisor of 1121 and 59.
59
Calculate the highest common factor of 30548 and 28.
28
What is the greatest common factor of 18 and 23994?
18
What is the greatest common factor of 7120 and 60?
20
Calculate the greatest common factor of 1275 and 175.
25
What is the greatest common factor of 42 and 280?
14
What is the greatest common factor of 3 and 153?
3
What is the highest common divisor of 957 and 29?
29
Calculate the greatest common divisor of 8977 and 191.
191
What is the greatest common factor of 30044 and 37?
37
What is the highest common divisor of 3908 and 4?
4
Calculate the highest common divisor of 67 and 4489.
67
What is the highest common divisor of 270 and 4185?
135
Calculate the greatest common factor of 312 and 96.
24
Calculate the greatest common factor of 484 and 11.
11
Calculate the greatest common divisor of 28 and 12.
4
What is the highest common divisor of 175 and 200?
25
What is the greatest common factor of 3700 and 30?
10
What is the greatest common factor of 265 and 2809?
53
What is the greatest common factor of 2456 and 24?
8
What is the highest common factor of 13 and 416?
13
What is the greatest common factor of 43 and 215?
43
What is the greatest common factor of 248 and 3224?
248
Calculate the greatest common divisor of 4959 and 1305.
261
Calculate the greatest common divisor of 15 and 51.
3
Calculate the greatest common factor of 663 and 51.
51
Calculate the highest common factor of 2021 and 301.
43
What is the greatest common factor of 390 and 117?
39
What is the greatest common factor of 215 and 7439?
43
What is the highest common divisor of 399 and 304?
19
What is the highest common factor of 517 and 22?
11
What is the highest common factor of 48 and 744?
24
What is the greatest common divisor of 115 and 25?
5
What is the highest common divisor of 39 and 117?
39
Calculate the greatest common divisor of 90944 and 64.
64
Calculate the greatest common divisor of 324 and 4.
4
Calculate the greatest common divisor of 11214 and 189.
63
What is the greatest common factor of 15 and 1920?
15
What is the greatest common divisor of 30 and 1035?
15
Calculate the greatest common divisor of 78 and 52.
26
Calculate the greatest common factor of 24 and 372.
12
What is the greatest common factor of 8 and 5904?
8
Calculate the greatest common divisor of 858 and 351.
39
What is the greatest common factor of 23 and 207?
23
Calculate the greatest common factor of 2576 and 168.
56
What is the highest common factor of 438 and 19491?
219
Calculate the highest common divisor of 1349 and 57.
19
What is the greatest common factor of 147 and 13881?
21
What is the greatest common factor of 20 and 5?
5
Calculate the highest common divisor of 720 and 4500.
180
What is the highest common factor of 5894 and 126?
14
What is the highest common factor of 59 and 8909?
59
What is the greatest common divisor of 60 and 13820?
20
Calculate the highest common factor of 2035 and 220.
55
Calculate the greatest common factor of 16 and 200.
8
Calculate the greatest common factor of 11 and 4422.
11
What is the highest common factor of 9 and 603?
9
What is the greatest common factor of 7974 and 18?
18
What is the greatest common divisor of 1755 and 18?
9
Calculate the highest common factor of 11 and 1375.
11
What is the greatest common divisor of 70277 and 31?
31
Calculate the highest common factor of 200 and 320.
40
What is the highest common divisor of 304 and 114?
38
What is the highest common divisor of 17 and 272?
17
Calculate the highest common factor of 14 and 5110.
14
Calculate the greatest common divisor of 1408 and 64.
64
What is the highest common divisor of 1536 and 80?
16
What is the highest common factor of 424 and 530?
106
What is the highest common divisor of 55 and 8505?
5
Calculate the highest common factor of 42 and 108.
6
Calculate the greatest common divisor of 20 and 8.
4
What is the greatest common divisor of 12 and 15?
3
What is the highest common factor of 26748 and 18?
18
Calculate the highest common divisor of 649 and 22.
11
Calculate the greatest common divisor of 144 and 30.
6
What is the greatest common factor of 315 and 279?
9
What is the highest common divisor of 1385 and 10?
5
Calculate the highest common factor of 2168 and 8.
8
Calculate the greatest common factor of 47 and 2867.
47
Calculate the greatest common divisor of 4384 and 32.
32
What is the highest common factor of 3808 and 119?
119
Calculate the highest common divisor of 144 and 112.
16
Calculate the highest common factor of 3604 and 1462.
34
Calculate the greatest common divisor of 7032 and 24.
24
What is the greatest common factor of 48 and 3576?
24
What is the greatest common factor of 4 and 92?
4
What is the greatest common factor of 222 and 10989?
111
Calculate the highest common factor of 42 and 945.
21
What is the highest common factor of 6806 and 166?
166
Calculate the greatest common factor of 15 and 445.
5
What is the highest common divisor of 376 and 17108?
188
Calculate the highest common factor of 6 and 24.
6
Calculate the greatest common factor of 6466 and 1802.
106
What is the highest common factor of 5970 and 10?
10
What is the greatest common divisor of 23 and 3565?
23
Calculate the greatest common divisor of 7736 and 56.
8
Calculate the greatest common factor of 65 and 2405.
65
What is the highest common factor of 740 and 120?
20
What is the highest common divisor of 4125 and 1155?
165
What is the greatest common divisor of 270 and 20?
10
What is the greatest common divisor of 78828 and 12?
12
What is the highest common divisor of 6 and 174?
6
What is the greatest common divisor of 1040 and 400?
80
What is the highest common divisor of 30 and 66?
6
What is the highest common divisor of 1353 and 1189?
41
What is the highest common divisor of 66 and 1320?
66
Calculate the highest common factor of 71824 and 16.
16
Calculate the highest common divisor of 1224 and 6.
6
Calculate the highest common divisor of 355 and 95.
5
Calculate the highest common factor of 146 and 2774.
146
Calculate the greatest common divisor of 82 and 1271.
41
Calculate the highest common divisor of 21 and 987.
21
Calculate the highest common factor of 1591 and 43.
43
Calculate the highest common divisor of 296 and 962.
74
Calculate the highest common factor of 22722 and 21.
21
Calculate the greatest common divisor of 210 and 980.
70
What is the greatest common divisor of 14 and 7112?
14
What is the highest common factor of 230 and 138?
46
What is the highest common divisor of 481 and 111?
37
What is the highest common divisor of 33 and 7557?
33
What is the greatest common factor of 85 and 160?
5
Calculate the highest common divisor of 425 and 935.
85
Calculate the highest common divisor of 109 and 9592.
109
Calculate the greatest common factor of 48 and 12.
12
What is the gre